{"id":67,"date":"2021-09-17T10:06:00","date_gmt":"2021-09-17T07:06:00","guid":{"rendered":"http:\/\/www.simonapreda.com\/eng\/?page_id=67"},"modified":"2023-12-17T16:02:50","modified_gmt":"2023-12-17T13:02:50","slug":"67-2","status":"publish","type":"page","link":"https:\/\/www.simonapreda.com\/eng\/","title":{"rendered":""},"content":{"rendered":"\n<div class=\"wp-block-columns is-layout-flex wp-container-core-columns-is-layout-9d6595d7 wp-block-columns-is-layout-flex\">\n<div class=\"wp-block-column is-vertically-aligned-top is-layout-flow wp-block-column-is-layout-flow\" style=\"flex-basis:35%\">\n<div class=\"wp-block-group\"><div class=\"wp-block-group__inner-container is-layout-flow wp-block-group-is-layout-flow\">\n<div class=\"wp-block-group\"><div class=\"wp-block-group__inner-container is-layout-flow wp-block-group-is-layout-flow\">\n<p class=\"has-text-align-left just has-black-color has-text-color has-background has-normal-font-size\" style=\"background-color:#e9e3db\"><strong>Sunt istoric, scriitoare \u0219i jurnalist cultural. Am absolvit Facultatea de Filosofie (2002),&nbsp; Facultatea de Istorie (2007) \u0219i Masterul de istoriografie \u0219i istoria mentalit\u0103\u021bilor (2006) \u00een cadrul Universit\u0103\u021bii din Bucure\u0219ti. \u00cen 2011 am ob\u021binut titlul de doctor \u00een istorie cu o tez\u0103 referitoare la literatura istoric\u0103 pentru copii din Rom\u00e2nia comunist\u0103, \u00een cadrul aceleia\u0219i universit\u0103\u021bi. Am publicat studii \u0219i articole \u00een reviste de specialitate (<\/strong><strong><em>Revista Arhivelor Na\u021bionale<\/em><\/strong><strong>, <\/strong><strong><em>Revista Bibliotecii Academiei Rom\u00e2n<\/em><\/strong><strong>, <\/strong><strong><em>Revista Institutului Nicolae Iorga<\/em><\/strong><strong>) \u0219i mai multe volume \u00eentre care: <\/strong><strong><em>Patrie rom\u00e2n\u0103, \u021bar\u0103 de eroi<\/em><\/strong><strong> (2014), <\/strong><strong><em>Tot \u00eenainte! Amintiri din copil\u0103rie<\/em><\/strong><strong> (co-autor, 2016), <\/strong><strong><em>Regina-mam\u0103 Elena. Mariajul \u0219i desp\u0103r\u021birea de Carol al II-lea<\/em><\/strong><strong> (2018), <\/strong><strong><em>Imagini, vise, bazaconii<\/em><\/strong><strong> (co-autor, 2018), <\/strong><strong><em>Cabinetul albastru<\/em><\/strong><strong> (2021).&nbsp; Publicistica mea, inclusiv critica literar\u0103 \u0219i interviurile din domeniul cultural, au ap\u0103rut \u00een revistele: <\/strong><strong><em>Rom\u00e2nia literar\u0103<\/em><\/strong><strong>, <\/strong><strong><em>Orizont<\/em><\/strong><strong>, <\/strong><strong><em>Ramuri<\/em><\/strong><strong>, <\/strong><strong><em>Dilema<\/em><\/strong><strong> etc. Sunt lector al funda\u021biilor <\/strong><strong><em>Freedom House<\/em><\/strong><strong> \u0219i <\/strong><strong><em>Calea Victoriei<\/em><\/strong><strong> \u0219i coordonez site-ul cultural <\/strong><strong><a href=\"https:\/\/www.semndincarte.ro\/\">www.semndincarte.ro<\/a><\/strong><strong>.<\/strong><\/p>\n<\/div><\/div>\n<\/div><\/div>\n\n\n\n<p><\/p>\n\n\n\n<div class=\"wp-block-group\"><div class=\"wp-block-group__inner-container is-layout-flow wp-block-group-is-layout-flow\">\n<div class=\"wp-block-columns is-layout-flex wp-container-core-columns-is-layout-9d6595d7 wp-block-columns-is-layout-flex\">\n<div class=\"wp-block-column is-layout-flow wp-block-column-is-layout-flow\"><\/div>\n\n\n\n<div class=\"wp-block-column is-layout-flow wp-block-column-is-layout-flow\"><\/div>\n<\/div>\n<\/div><\/div>\n\n\n\n<p class=\"has-text-align-right has-black-color has-white-background-color has-text-color has-background has-normal-font-size\"><a href=\"http:\/\/www.simonapreda.com\/eng\/despre\/\" data-type=\"page\" data-id=\"70\"><span class=\"has-inline-color has-black-color\"><strong>MAI MULT DESPRE MINE&#8230;<\/strong><\/span><\/a><\/p>\n\n\n\n<p style=\"font-size:18px\"><\/p>\n<\/div>\n\n\n\n<div class=\"wp-block-column is-layout-flow wp-block-column-is-layout-flow\" style=\"flex-basis:70%\"><div class=\"wp-block-image\">\n<figure class=\"alignleft size-full is-resized\"><a href=\"http:\/\/www.simonapreda.com\/eng\/wp-content\/uploads\/sites\/3\/2023\/12\/SP-LB.jpg\" target=\"_blank\" rel=\"noopener\"><img loading=\"lazy\" decoding=\"async\" width=\"315\" height=\"495\" src=\"http:\/\/www.simonapreda.com\/eng\/wp-content\/uploads\/sites\/3\/2023\/12\/SP-LB.jpg\" alt=\"\" class=\"wp-image-518\" style=\"width:200px;height:256px\" srcset=\"https:\/\/www.simonapreda.com\/eng\/wp-content\/uploads\/sites\/3\/2023\/12\/SP-LB.jpg 315w, https:\/\/www.simonapreda.com\/eng\/wp-content\/uploads\/sites\/3\/2023\/12\/SP-LB-191x300.jpg 191w\" sizes=\"auto, (max-width: 315px) 100vw, 315px\" \/><\/a><\/figure>\n<\/div>\n\n\n<p><strong><em><a href=\"https:\/\/rowman.com\/ISBN\/9781793635495\/The-Institutionalization-of-Indoctrination-An-Exploratory-Investigation-based-on-the-Romanian-Case-Study\">The Institutionalization of Indoctrination. An Exploratory Investigation based on the Romanian Case Study (Paul Dragos Aligica and Simona Preda \u2013 Lexington Books)<\/a><\/em><\/strong><\/p>\n\n\n\n<p>How do we conceptualize and theorize about the social organization of ideology? How should we think methodically\u2014in theoretically and empirically informed ways\u2014about the institutionalization of indoctrination and propaganda? How should we approach the study of the social and political instrumentation of ideology in regimes that assume that historical missions of messianic social change are the stringent organizing and legitimization principles of their very existence? This book is an attempt to answer these questions.<\/p>\n\n\n\n<p>On the one hand, this book explores key elements of conceptualization and theoretical framing of the phenomena associated with the institutionalization of indoctrination. New potential venues of theoretical elaboration are identified, and in several cases, these venues are tentatively engaged. On the other hand, this book balances the exploratory theoretical approach with an exploratory historical investigation. Concentrating on the case study of Communist Romania, this book charts various facets of the institutionalization of the \u201cpolitical-ideological commissars\u201d in the education system, while tracking their evolution. The two dimensions of the book offer, in conjunction, a contribution to our understanding of the institutional arrangements of indoctrination and their associated social monitoring and control practices, as well as to our awareness regarding their avatars, as manifested in recent history.<\/p>\n\n\n<div class=\"wp-block-image\">\n<figure class=\"alignleft size-full is-resized\"><img loading=\"lazy\" decoding=\"async\" width=\"770\" height=\"1024\" src=\"https:\/\/www.simonapreda.com\/eng\/wp-content\/uploads\/sites\/3\/2023\/12\/regina-mama_elena-770x1024-1.jpg\" alt=\"\" class=\"wp-image-520\" style=\"width:198px;height:auto\" srcset=\"https:\/\/www.simonapreda.com\/eng\/wp-content\/uploads\/sites\/3\/2023\/12\/regina-mama_elena-770x1024-1.jpg 770w, https:\/\/www.simonapreda.com\/eng\/wp-content\/uploads\/sites\/3\/2023\/12\/regina-mama_elena-770x1024-1-226x300.jpg 226w, https:\/\/www.simonapreda.com\/eng\/wp-content\/uploads\/sites\/3\/2023\/12\/regina-mama_elena-770x1024-1-768x1021.jpg 768w, https:\/\/www.simonapreda.com\/eng\/wp-content\/uploads\/sites\/3\/2023\/12\/regina-mama_elena-770x1024-1-150x200.jpg 150w\" sizes=\"auto, (max-width: 770px) 100vw, 770px\" \/><\/figure>\n<\/div>\n\n\n<p><em><strong><a href=\"https:\/\/edituracorint.ro\/cartquickpro\/catalog_product\/view\/id\/3087\">Regina-mam\u0103 Elena. Mariajul \u0219i desp\u0103r\u021birea de Carol al II\u2011lea (Editura Corint)<\/a><\/strong><\/em><\/p>\n\n\n\n<p class=\"just\">\u201eCartea Simonei Preda este, simultan, un roman de familie, un roman sentimental \u0219i un roman istoric. \u00cen ciuda titlurilor, a blazoanelor poleite, a apartenen\u021bei la ilustre \u00eencreng\u0103turi aristocratice europene, impresia pe care o ai, citindu-le amintirile, interviurile, nota\u021biile de jurnal ori coresponden\u021ba, e c\u0103 ne afl\u0103m \u00een fa\u021ba unor simpli (chiar dac\u0103 \u00eenst\u0103ri\u021bi) burghezi. Aerul de operet\u0103 triumf\u0103 adeseori asupra celui de presupus\u0103 mar\u021bialitate nobiliar\u0103. Intrigile, dramele, conflictele, aranjamentele \u0219i deznod\u0103m\u00e2nturile nu difer\u0103 prea mult de subiectele prozelor-foileton care \u00eenc\u00e2ntaser\u0103 clasa de mijloc de la sf\u00e2r\u0219itul veacului anterior. De\u0219i tr\u0103iau \u00eentr-un secol al marilor r\u0103sturn\u0103ri tehnice, \u0219tiin\u021bifice \u0219i de moral\u0103, personajele c\u0103r\u021bii l\u00e2ncezesc \u00eentr-un decalaj istoric pe care-l subliniaz\u0103 cu asupra de m\u0103sur\u0103 \u00eentregul lor comportament\u201d. (Mircea Mih\u0103ie\u0219)<\/p>\n\n\n<div class=\"wp-block-image\">\n<figure class=\"alignleft size-large is-resized\"><img loading=\"lazy\" decoding=\"async\" width=\"666\" height=\"1024\" src=\"http:\/\/www.simonapreda.com\/eng\/wp-content\/uploads\/sites\/3\/2021\/09\/Patrie-romana-1-666x1024.jpg\" alt=\"\" class=\"wp-image-203\" style=\"width:165px;height:auto\" srcset=\"https:\/\/www.simonapreda.com\/eng\/wp-content\/uploads\/sites\/3\/2021\/09\/Patrie-romana-1-666x1024.jpg 666w, https:\/\/www.simonapreda.com\/eng\/wp-content\/uploads\/sites\/3\/2021\/09\/Patrie-romana-1-195x300.jpg 195w, https:\/\/www.simonapreda.com\/eng\/wp-content\/uploads\/sites\/3\/2021\/09\/Patrie-romana-1-768x1182.jpg 768w, https:\/\/www.simonapreda.com\/eng\/wp-content\/uploads\/sites\/3\/2021\/09\/Patrie-romana-1.jpg 780w\" sizes=\"auto, (max-width: 666px) 100vw, 666px\" \/><\/figure>\n<\/div>\n\n\n<p><strong><em><a href=\"https:\/\/www.curteaveche.ro\/blog\/2015\/05\/11\/patrie-romana-tara-de-eroi-de-simona-preda-dezbatere-pe-21-mai\/?gad_source=1&amp;gclid=CjwKCAiA1fqrBhA1EiwAMU5m_yDoP597Wv1h5RmDcchYLjdvqmKCAY22E0ZA-qgsvJfevjx3Qz6ERhoCWsUQAvD_BwE\">Patrie rom\u00e2n\u0103, \u021bar\u0103 de eroi! (Editura Curtea Veche)<\/a><\/em><\/strong><\/p>\n\n\n\n<p>\u201eCeea ce ne ofer\u0103 Simona Preda \u00een aceasta carte fascinanta este o c\u0103l\u0103torie \u00een interiorul propagandei pentru copii din Rom\u00e2nia comunizat\u0103, o analiz\u0103 riguroas\u0103 \u0219i de o admirabil\u0103 ad\u00e2ncime, a institu\u021biilor, metodelor \u0219i simbolurilor aferente, care aveau ca scop ceea ce propaganda numea pl\u0103m\u0103direa omului nou. Cu talent narativ \u0219i acurate\u021be conceptual\u0103, autoarea ne invit\u0103 s\u0103 \u00een\u021belegem cum se construia matricea emo\u021bional\u0103 a angajamentului comunist \u00eenc\u0103 din anii copil\u0103riei. Scopul era, evident, denigrarea \u0219i demolarea a tot ce \u021binea de \u201etrecutul negru\u201c. Prindea fiin\u021b\u0103 cultura alternativ\u0103 a noii forma\u021biuni, cu miturile, arhetipurile, comandamentele \u0219i obsesiile ei. [\u2026] \u00cen spatele acestei c\u0103r\u021bi se afl\u0103 mun\u021bi de lecturi. Simona Preda discut\u0103 literatura de copii a anilor \u201950, mitografiile sovietice ori de inspira\u021bie sovietic\u0103. \u00centre acestea, legenda pionierului-erou, micul delator Pavlik Morozov. Ceea ce ni se inocula prin acel mit era devotamentul total pentru partidul-stat. Ni se sugera c\u0103 nu poate exista loialitate real\u0103 dec\u00e2t pentru cauza sacralizatului Partid. Timp \u00een care, acas\u0103, ni se spunea s\u0103 ne \u021binem gura, s\u0103 nu povestim nimic din ceea ce auzeam c\u0103-\u0219i spun, ori \u00ee\u0219i \u0219optesc, p\u0103rin\u021bii no\u0219tri.\u201c (Vladimir Tism\u0103neanu)<\/p>\n\n\n<div class=\"wp-block-image\">\n<figure class=\"alignleft size-full is-resized\"><img loading=\"lazy\" decoding=\"async\" width=\"404\" height=\"629\" src=\"https:\/\/www.simonapreda.com\/eng\/wp-content\/uploads\/sites\/3\/2023\/12\/Romania-de-totdeauna.jpg\" alt=\"\" class=\"wp-image-526\" style=\"width:171px;height:auto\" srcset=\"https:\/\/www.simonapreda.com\/eng\/wp-content\/uploads\/sites\/3\/2023\/12\/Romania-de-totdeauna.jpg 404w, https:\/\/www.simonapreda.com\/eng\/wp-content\/uploads\/sites\/3\/2023\/12\/Romania-de-totdeauna-193x300.jpg 193w\" sizes=\"auto, (max-width: 404px) 100vw, 404px\" \/><\/figure>\n<\/div>\n\n\n<p><em><strong><a href=\"https:\/\/edituracorint.ro\/romania-de-totdeauna-simona-preda-in-dialog-cu-acad-georgeta-filitti.html\">Rom\u00e2nia de totdeauna. Simona Preda \u00een dialog cu acad. Georgeta Filitti (Editura Corint)<\/a><\/strong><\/em><\/p>\n\n\n\n<p>\u201eBoierimea rom\u00e2n\u0103 cuprinde unele familii care \u00ee\u0219i au ob\u00e2r\u0219ia \u00een secolul al XIV\u2011lea, ele au evoluat \u00een societatea noastr\u0103 ocup\u00e2nd func\u021bii p\u00e2n\u0103 \u00een epoca modern\u0103, au importat principii liberale, s\u2011au \u0219colit, \u0219i\u2011au f\u0103cut un profil social \u00eentemeiat pe o proprietate care le-a conferit putere. Unii dintre ei au mers mai departe, \u00een pas cu vremea, \u0219i \u0219i-au adecvat modul de via\u021b\u0103 burghez \u2013 \u00een sensul c\u0103 au intrat \u00een afaceri, \u00een via\u021ba real\u0103, \u00eencet\u00e2nd s\u0103 mai fie simpli rentieri, de pild\u0103 \u0218tirbei ori Bibescu. Familiile au r\u0103mas foarte apropiate de Occident, iar rela\u021biile de rudenie sau de prietenie cu vesticii au fost remarcabile. \u0218i, din acest punct de vedere, eu st\u0103rui s\u0103 spun c\u0103 nu am intrat \u00een Europa \u00een 2007, c\u0103 nu un act juridic ne confer\u0103 acest statut european. Boierimea a avut precump\u0103nitor mentalitate european\u0103 prin contactul de mai bine de o sut\u0103 de ani cu Europa.\u201d Georgeta Filitti<\/p>\n\n\n\n<p>\u201ePrintre temele de discu\u021bie se reg\u0103sesc formarea \u0219i rolul elitelor intelectuale rom\u00e2ne\u0219ti \u00een cursul unor proiecte succesive de modernizare a societ\u0103\u021bii, dar \u0219i recuperarea lor \u2013 sau a ceea ce a mai r\u0103mas din ele \u2013 dup\u0103 \u00abt\u0103v\u0103lugul\u00bb comunist. Dialogul se construie\u0219te \u00een jurul personalit\u0103\u021bilor \u2013 b\u0103rba\u021bi \u0219i femei \u2013 care fac parte din aristocra\u021bia rom\u00e2neasc\u0103 sau care descind din vechi familii de domnitori. Sunt atinse tangen\u021bial \u0219i teme referitoare la procesele modernizatoare prin care a trecut Rom\u00e2nia pe parcursul secolelor trecute \u2013 perioada fanariot\u0103, Unirea de la 1859, crearea statului na\u021bional, monarhia, liberalismul, dictatura carlist\u0103, stalinismul, democra\u021bia imperfect\u0103 postcomunist\u0103 \u2013, precum \u0219i detalii legate de cochet\u0103ria personajelor care au populat epocile trecute, de capriciile \u0219i pasiunile lor.\u201d Simona Preda<\/p>\n\n\n<div class=\"wp-block-image\">\n<figure class=\"alignleft size-large is-resized\"><img loading=\"lazy\" decoding=\"async\" width=\"580\" height=\"1024\" src=\"http:\/\/www.simonapreda.com\/eng\/wp-content\/uploads\/sites\/3\/2021\/09\/Cabinetul-580x1024.jpg\" alt=\"\" class=\"wp-image-395\" style=\"width:148px;height:auto\" srcset=\"https:\/\/www.simonapreda.com\/eng\/wp-content\/uploads\/sites\/3\/2021\/09\/Cabinetul-580x1024.jpg 580w, https:\/\/www.simonapreda.com\/eng\/wp-content\/uploads\/sites\/3\/2021\/09\/Cabinetul-170x300.jpg 170w, https:\/\/www.simonapreda.com\/eng\/wp-content\/uploads\/sites\/3\/2021\/09\/Cabinetul.jpg 680w\" sizes=\"auto, (max-width: 580px) 100vw, 580px\" \/><\/figure>\n<\/div>\n\n\n<p><\/p>\n\n\n\n<p><em><strong><a href=\"https:\/\/www.litera.ro\/cabinetul-albastru-afcc89?2pau=6667b3e19&amp;2ptt=quicklink&amp;2ptu=0a8a2c4d9&amp;2pdlst=CjwKCAiA1fqrBhA1EiwAMU5m_wPlC0S3CJ4hQRf9SgqF4rR1yHaG_ijePXNFHxFmRSIxZTjMBN-RdBoCegAQAvD_BwE&amp;utm_campaign=2Performant&amp;utm_source=6667b3e19&amp;utm_medium=CPS&amp;utm_campaign=2Performant&amp;utm_source=6667b3e19&amp;utm_medium=CPS&amp;2pau=6667b3e19&amp;2ptt=quicklink&amp;2ptu=0a8a2c4d9&amp;2prp=vBSm592lk_ulk5FMpXjdJsddvNk5GLdLOzrU9oeo1O-mDZ0a25maUu23Vza5K1RL-IjAg-owcgB2EKcrYqKdhJVRBwOFHux4Q6dFVlDntIukyD8JbLjo9YvAFsIggt41Qy9MxUGnFYhGFIDF3ydJmC4aMJNlT_BGAhcuvHdEBUagg7pbmaoeIJfW3ukJHq6JYnfAceWlTT1ml7PujOufHbTXQHBIm8VZl0MmaH0rBfWw7oD6mslz3n4lExN9YetQfwUwFmZ_LIhjNcFESW-FOw&amp;2pdlst=\">Cabinetul albastru (Editura Litera)<\/a><\/strong><\/em><\/p>\n\n\n\n<p>\u201eO femeie se \u00eendr\u0103goste\u0219te de trei ori \u0219i de fiecare dat\u0103 lucrurile se repet\u0103. Povestea se deruleaz\u0103 \u00een Bucure\u0219tiul artistic, v\u0103zut cu ochii provincialei \u0219i revizuit in cabinetul unei psihologe. Actualitate, viziune feminina, o poveste cu emo\u021bie \u0219i suspans.\u00a0Simona Preda creeaz\u0103 romanul unei voci feminine pe care o auzi \u00een minte spun\u00e2ndu-\u0219i povestea cu un soi de autenticitate ce aminte\u0219te de amprenta literaturii interbelice rom\u00e2ne\u0219ti\u201d. (Cristina Bogdan)<\/p>\n\n\n\n<figure class=\"wp-block-image alignleft size-large is-resized\"><\/figure>\n<\/div>\n<\/div>\n\n\n\n<div class=\"wp-block-group alignfull has-background\" style=\"background-color:#f2f0e9\"><div class=\"wp-block-group__inner-container is-layout-flow wp-block-group-is-layout-flow\"><\/div><\/div>\n\n\n\n<p><\/p>\n","protected":false},"excerpt":{"rendered":"<div class=\"entry-summary\">\nSunt istoric, scriitoare \u0219i jurnalist cultural. Am absolvit Facultatea de Filosofie (2002),&nbsp; Facultatea de Istorie (2007) \u0219i Masterul de istoriografie \u0219i istoria mentalit\u0103\u021bilor (2006) \u00een cadrul Universit\u0103\u021bii din Bucure\u0219ti. \u00cen 2011 am ob\u021binut titlul de doctor \u00een istorie cu o tez\u0103 referitoare la literatura istoric\u0103 pentru copii din Rom\u00e2nia comunist\u0103,&hellip;\n<\/div>\n<div class=\"link-more\"><a href=\"https:\/\/www.simonapreda.com\/eng\/\" class=\"more-link\">Continue reading&hellip;<\/a><\/div>\n","protected":false},"author":2,"featured_media":0,"parent":0,"menu_order":0,"comment_status":"closed","ping_status":"closed","template":"","meta":{"footnotes":""},"class_list":["post-67","page","type-page","status-publish","hentry","entry"],"_links":{"self":[{"href":"https:\/\/www.simonapreda.com\/eng\/wp-json\/wp\/v2\/pages\/67","targetHints":{"allow":["GET"]}}],"collection":[{"href":"https:\/\/www.simonapreda.com\/eng\/wp-json\/wp\/v2\/pages"}],"about":[{"href":"https:\/\/www.simonapreda.com\/eng\/wp-json\/wp\/v2\/types\/page"}],"author":[{"embeddable":true,"href":"https:\/\/www.simonapreda.com\/eng\/wp-json\/wp\/v2\/users\/2"}],"replies":[{"embeddable":true,"href":"https:\/\/www.simonapreda.com\/eng\/wp-json\/wp\/v2\/comments?post=67"}],"version-history":[{"count":3,"href":"https:\/\/www.simonapreda.com\/eng\/wp-json\/wp\/v2\/pages\/67\/revisions"}],"predecessor-version":[{"id":528,"href":"https:\/\/www.simonapreda.com\/eng\/wp-json\/wp\/v2\/pages\/67\/revisions\/528"}],"wp:attachment":[{"href":"https:\/\/www.simonapreda.com\/eng\/wp-json\/wp\/v2\/media?parent=67"}],"curies":[{"name":"wp","href":"https:\/\/api.w.org\/{rel}","templated":true}]}}